{"id":103,"date":"2016-08-05T16:20:12","date_gmt":"2016-08-05T20:20:12","guid":{"rendered":"http:\/\/cvis3.cebem.org\/?page_id=103"},"modified":"2016-09-27T18:29:56","modified_gmt":"2016-09-27T22:29:56","slug":"proyectos-de-excelencia","status":"publish","type":"page","link":"https:\/\/cvis3.cebem.org\/?page_id=103","title":{"rendered":"Proyectos de Excelencia"},"content":{"rendered":"<p>Los proyectos estar\u00e1n disponibles ordenados en tres dimensiones: 1) rastreo general, 2) selecci\u00f3n de temas interesantes mas relacionados con desarrollo territorial, 3) proyectos sistematizados y que destacan por su excelencia, destacando aquellas pr\u00e1cticas que tienen muchos elementos de innovaci\u00f3n y aprendizaje, los proyectos de excelencia.<\/p>\n<p><strong>El concepto de excelencia de un proyecto<\/strong><\/p>\n<p>La excelencia es un calificativo que le damos a un proyecto desde alguna perspectiva especial. Puede serlo por su utilidad en el campo nutritivo, en el campo educativo, en el campo comunicacional. \u00a0En nuestro caso focalizamos \u00a0la capacidad de demostraci\u00f3n en la cooperaci\u00f3n horizontal y de sus efectos demostrativos en el campo de la conformaci\u00f3n de alianzas entre comunidades.<\/p>\n<p>En la CSS focalizamos los proyectos de cooperaci\u00f3n entre comunidades que generan conocimientos compartidos, co-producidos, que los sistematizan con el prop\u00f3sito de difundirlos para que puedan ser considerados por otras comunidades: comunidades, sistematizaci\u00f3n, difusi\u00f3n, intercambio de saberes, aprendizajes.<\/p>\n","protected":false},"excerpt":{"rendered":"<p>Los proyectos estar\u00e1n disponibles ordenados en tres dimensiones: 1) rastreo general, 2) selecci\u00f3n de temas interesantes mas relacionados con desarrollo territorial, 3) proyectos sistematizados y que destacan por su excelencia, destacando aquellas pr\u00e1cticas que tienen muchos elementos de innovaci\u00f3n y aprendizaje, los proyectos de excelencia. El concepto de excelencia de\u2026<\/p>\n<p> <a class=\"continue-reading-link\" href=\"https:\/\/cvis3.cebem.org\/?page_id=103\"><span>Continuar leyendo<\/span><i class=\"crycon-right-dir\"><\/i><\/a> <\/p>\n","protected":false},"author":1,"featured_media":0,"parent":16,"menu_order":3,"comment_status":"closed","ping_status":"closed","template":"","meta":[],"jetpack_sharing_enabled":false,"jetpack-related-posts":[],"_links":{"self":[{"href":"https:\/\/cvis3.cebem.org\/index.php?rest_route=\/wp\/v2\/pages\/103"}],"collection":[{"href":"https:\/\/cvis3.cebem.org\/index.php?rest_route=\/wp\/v2\/pages"}],"about":[{"href":"https:\/\/cvis3.cebem.org\/index.php?rest_route=\/wp\/v2\/types\/page"}],"author":[{"embeddable":true,"href":"https:\/\/cvis3.cebem.org\/index.php?rest_route=\/wp\/v2\/users\/1"}],"replies":[{"embeddable":true,"href":"https:\/\/cvis3.cebem.org\/index.php?rest_route=%2Fwp%2Fv2%2Fcomments&post=103"}],"version-history":[{"count":5,"href":"https:\/\/cvis3.cebem.org\/index.php?rest_route=\/wp\/v2\/pages\/103\/revisions"}],"predecessor-version":[{"id":423,"href":"https:\/\/cvis3.cebem.org\/index.php?rest_route=\/wp\/v2\/pages\/103\/revisions\/423"}],"up":[{"embeddable":true,"href":"https:\/\/cvis3.cebem.org\/index.php?rest_route=\/wp\/v2\/pages\/16"}],"wp:attachment":[{"href":"https:\/\/cvis3.cebem.org\/index.php?rest_route=%2Fwp%2Fv2%2Fmedia&parent=103"}],"curies":[{"name":"wp","href":"https:\/\/api.w.org\/{rel}","templated":true}]}}