{"id":147,"date":"2016-08-22T11:02:33","date_gmt":"2016-08-22T15:02:33","guid":{"rendered":"http:\/\/cvis3.cebem.org\/?page_id=147"},"modified":"2016-11-24T12:08:13","modified_gmt":"2016-11-24T16:08:13","slug":"bienvenidos","status":"publish","type":"page","link":"https:\/\/cvis3.cebem.org\/","title":{"rendered":"Bienvenidos"},"content":{"rendered":"<p>El Centro Virtual de Excelencia se crea con el apoyo del Programa de las Naciones Unidas para el Desarrollo (PNUD) y la Agencia Coreana para la Cooperaci\u00f3n Internacional (KOICA), en el marco de implementaci\u00f3n de la Iniciativa Nuevas Comunidades Inclusivas y Sustentables (Saemaul UNDONG) con el prop\u00f3sito de recoger y procesar las experiencias locales que mejor alimenten la agenda pol\u00edtica. El Centro ser\u00e1 una construcci\u00f3n colectiva que articular\u00e1 a instituciones ya existentes y con experiencia en el \u00e1rea de desarrollo local, erradicaci\u00f3n de la pobreza y desarrollo sostenible. El Centro ser\u00e1 un espacio de globalizaci\u00f3n de las mejores pr\u00e1cticas que muestran excelencia en su capacidad de mejorar la vida de las comunidades. Siguiendo la metodolog\u00eda Saemaul Undong -iniciativa de desarrollo local nacida en la Corea del Sur de los a\u00f1os 70 y hoy implementada en varios pa\u00edses de diversas regiones-, el Centro ser\u00e1 una ventana al di\u00e1logo e intercambio de conocimiento entre comunidades a trav\u00e9s de la cooperaci\u00f3n sur-sur.<\/p>\n<p>El paso inicial ha sido encomendado al CEBEM, mediante una alianza con el PNUD a trav\u00e9s de su Oficina de Pa\u00eds en Bolivia, y los equipos regionales de Cooperaci\u00f3n Sur-Sur, y Gobernabilidad y Construcci\u00f3n de Paz.<\/p>\n<p>Siendo un espacio abierto de intercambio de conocimiento, las opiniones, el an\u00e1lisis y las recomendaciones de pol\u00edticas aqu\u00ed publicadas por las comunidades y los expertos no representan necesariamente el pensamiento ni las opiniones del PNUD, su Junta Ejecutiva o sus Estados Miembros, ni de KOICA, quienes apoyan este espacio de cooperaci\u00f3n horizontal y de di\u00e1logo sin filtros a las comunidades.<\/p>\n<div style=\"width: 50%; float: left;\"><span style=\"font-family: Impact; font-size: 120%;\">Noticias<br \/>\n<\/span><br \/>\n<div id=\"thumbnail-container\"><article class=\"thumbnail-layout lptw-columns-fixed\" style=\"width: 390px; padding-bottom: 60px; \">\n<header class=\"lptw-post-header\">\n<div class=\"lptw-thumbnail-image\"><a class=\"lptw-thumbnail-link\" href=\"https:\/\/cvis3.cebem.org\/?p=1697\" target=\"_self\"><img src=\"https:\/\/i0.wp.com\/cvis3.cebem.org\/wp-content\/uploads\/2019\/04\/pnud-art-video.jpg?fit=100%2C56&ssl=1\" width=\"100\" height=\"56\" alt=\"Localizando los Objetivos de Desarrollo Sostenible en La Paz y Sucre\" \/><\/a>\n<\/div><div class=\"lptw-thumbnail-title\"><span class=\"lptw-post-date\">29.04.2019<\/span><a class=\"lptw-post-title\" href=\"https:\/\/cvis3.cebem.org\/?p=1697\" target=\"_self\">Localizando los Objetivos de Desarrollo Sostenible en La Paz y Sucre<\/a>\n<\/div>\n<\/header><\/article>\n<article class=\"thumbnail-layout lptw-columns-fixed\" style=\"width: 390px; padding-bottom: 60px; \">\n<header class=\"lptw-post-header\">\n<div class=\"lptw-thumbnail-image\"><a class=\"lptw-thumbnail-link\" href=\"https:\/\/cvis3.cebem.org\/?p=1689\" target=\"_self\"><img src=\"https:\/\/i0.wp.com\/cvis3.cebem.org\/wp-content\/uploads\/2019\/04\/forodel2019.jpg?fit=100%2C43&ssl=1\" width=\"100\" height=\"43\" alt=\"\u00a1No te pierdas el 3er Foro Regional de Desarrollo Econ\u00f3mico Local para Am\u00e9rica Latina y el Caribe ! 7-9 mayo 2019, Barranquilla, Colombia\" \/><\/a>\n<\/div><div class=\"lptw-thumbnail-title\"><span class=\"lptw-post-date\">08.04.2019<\/span><a class=\"lptw-post-title\" href=\"https:\/\/cvis3.cebem.org\/?p=1689\" target=\"_self\">\u00a1No te pierdas el 3er Foro Regional de Desarrollo Econ\u00f3mico Local para Am\u00e9rica Latina y el Caribe ! 7-9 mayo 2019, Barranquilla, Colombia<\/a>\n<\/div>\n<\/header><\/article>\n<article class=\"thumbnail-layout lptw-columns-fixed\" style=\"width: 390px; padding-bottom: 60px; \">\n<header class=\"lptw-post-header\">\n<div class=\"lptw-thumbnail-image\"><a class=\"lptw-thumbnail-link\" href=\"https:\/\/cvis3.cebem.org\/?p=1627\" target=\"_self\"><img src=\"https:\/\/i0.wp.com\/cvis3.cebem.org\/wp-content\/uploads\/2018\/10\/somos-iberoamerica-colores-cambio.jpg?fit=100%2C56&ssl=1\" width=\"100\" height=\"56\" alt=\"Somos Iberoam\u00e9rica, LOS COLORES DEL CAMBIO\" \/><\/a>\n<\/div><div class=\"lptw-thumbnail-title\"><span class=\"lptw-post-date\">29.10.2018<\/span><a class=\"lptw-post-title\" href=\"https:\/\/cvis3.cebem.org\/?p=1627\" target=\"_self\">Somos Iberoam\u00e9rica, LOS COLORES DEL CAMBIO<\/a>\n<\/div>\n<\/header><\/article>\n<article class=\"thumbnail-layout lptw-columns-fixed\" style=\"width: 390px; padding-bottom: 60px; \">\n<header class=\"lptw-post-header\">\n<div class=\"lptw-thumbnail-image\"><a class=\"lptw-thumbnail-link\" href=\"https:\/\/cvis3.cebem.org\/?p=1616\" target=\"_self\"><img src=\"https:\/\/i0.wp.com\/cvis3.cebem.org\/wp-content\/uploads\/2018\/09\/WhatsApp-Image-2018-09-24-at-16.24.01.jpeg?fit=100%2C61&ssl=1\" width=\"100\" height=\"61\" alt=\"Curso presencial \u201cGesti\u00f3n para Resultados\u201d culmin\u00f3 con \u00e9xito\" \/><\/a>\n<\/div><div class=\"lptw-thumbnail-title\"><span class=\"lptw-post-date\">27.09.2018<\/span><a class=\"lptw-post-title\" href=\"https:\/\/cvis3.cebem.org\/?p=1616\" target=\"_self\">Curso presencial \u201cGesti\u00f3n para Resultados\u201d culmin\u00f3 con \u00e9xito<\/a>\n<\/div>\n<\/header><\/article>\n<\/div><a class=\"continue-reading-link\" href=\"https:\/\/cvis3.cebem.org\/?cat=5\">Ver m\u00e1s<\/a><\/div>\n<div style=\"width: 50%; float: right;\"><span style=\"font-family: Impact; font-size: 120%;\">Documentos<br \/>\n<\/span><div id=\"thumbnail-container\"><article class=\"thumbnail-layout lptw-columns-fixed\" style=\"width: 390px; padding-bottom: 60px; \">\n<header class=\"lptw-post-header\">\n<div class=\"lptw-thumbnail-image\"><a class=\"lptw-thumbnail-link\" href=\"https:\/\/cvis3.cebem.org\/?p=1709\" target=\"_self\"><img src=\"https:\/\/i0.wp.com\/cvis3.cebem.org\/wp-content\/uploads\/2019\/07\/RELAC_page-0001-1024x415.jpg?fit=100%2C41&ssl=1\" width=\"100\" height=\"41\" alt=\"Sondeo sobre prioridades nacionales y ODS: evaluaci\u00f3n de 15 paises Latinoam\u00e9rica y el Caribe\" \/><\/a>\n<\/div><div class=\"lptw-thumbnail-title\"><span class=\"lptw-post-date\">01.07.2019<\/span><a class=\"lptw-post-title\" href=\"https:\/\/cvis3.cebem.org\/?p=1709\" target=\"_self\">Sondeo sobre prioridades nacionales y ODS: evaluaci\u00f3n de 15 paises Latinoam\u00e9rica y el Caribe<\/a>\n<\/div>\n<\/header><\/article>\n<article class=\"thumbnail-layout lptw-columns-fixed\" style=\"width: 390px; padding-bottom: 60px; \">\n<header class=\"lptw-post-header\">\n<div class=\"lptw-thumbnail-image\"><a class=\"lptw-thumbnail-link\" href=\"https:\/\/cvis3.cebem.org\/?p=1602\" target=\"_self\"><img src=\"https:\/\/i0.wp.com\/cvis3.cebem.org\/wp-content\/uploads\/2018\/08\/guia-ODS-y-Ciudades.jpg?fit=100%2C88&ssl=1\" width=\"100\" height=\"88\" alt=\"ODS y Ciudades. Movilidad humana internacional. Gu\u00eda pr\u00e1ctica para gobiernos locales de Am\u00e9rica Latina y el Caribe\" \/><\/a>\n<\/div><div class=\"lptw-thumbnail-title\"><span class=\"lptw-post-date\">24.08.2018<\/span><a class=\"lptw-post-title\" href=\"https:\/\/cvis3.cebem.org\/?p=1602\" target=\"_self\">ODS y Ciudades. Movilidad humana internacional. Gu\u00eda pr\u00e1ctica para gobiernos locales de Am\u00e9rica Latina y el Caribe<\/a>\n<\/div>\n<\/header><\/article>\n<article class=\"thumbnail-layout lptw-columns-fixed\" style=\"width: 390px; padding-bottom: 60px; \">\n<header class=\"lptw-post-header\">\n<div class=\"lptw-thumbnail-image\"><a class=\"lptw-thumbnail-link\" href=\"https:\/\/cvis3.cebem.org\/?p=1583\" target=\"_self\"><img src=\"https:\/\/i0.wp.com\/cvis3.cebem.org\/wp-content\/uploads\/2018\/06\/mail-15mayo.jpg?fit=100%2C62&ssl=1\" width=\"100\" height=\"62\" alt=\"Bolet\u00edn: Desde los territorios las mujeres se empoderan\" \/><\/a>\n<\/div><div class=\"lptw-thumbnail-title\"><span class=\"lptw-post-date\">14.06.2018<\/span><a class=\"lptw-post-title\" href=\"https:\/\/cvis3.cebem.org\/?p=1583\" target=\"_self\">Bolet\u00edn: Desde los territorios las mujeres se empoderan<\/a>\n<\/div>\n<\/header><\/article>\n<article class=\"thumbnail-layout lptw-columns-fixed\" style=\"width: 390px; padding-bottom: 60px; \">\n<header class=\"lptw-post-header\">\n<div class=\"lptw-thumbnail-image\"><a class=\"lptw-thumbnail-link\" href=\"https:\/\/cvis3.cebem.org\/?p=1431\" target=\"_self\"><img src=\"https:\/\/i0.wp.com\/cvis3.cebem.org\/wp-content\/uploads\/2018\/04\/Spotlight-Enfoques-DS-2017.jpg?fit=74%2C100&ssl=1\" width=\"74\" height=\"100\" alt=\"Spotlight. Enfoques sobre Desarrollo Sostenible 2017\" \/><\/a>\n<\/div><div class=\"lptw-thumbnail-title\"><span class=\"lptw-post-date\">05.04.2018<\/span><a class=\"lptw-post-title\" href=\"https:\/\/cvis3.cebem.org\/?p=1431\" target=\"_self\">Spotlight. Enfoques sobre Desarrollo Sostenible 2017<\/a>\n<\/div>\n<\/header><\/article>\n<\/div><a class=\"continue-reading-link\" href=\"https:\/\/cvis3.cebem.org\/?cat=17\">Ver m\u00e1s<\/a><\/div>\n","protected":false},"excerpt":{"rendered":"<p>El Centro Virtual de Excelencia se crea con el apoyo del Programa de las Naciones Unidas para el Desarrollo (PNUD) y la Agencia Coreana para la Cooperaci\u00f3n Internacional (KOICA), en el marco de implementaci\u00f3n de la Iniciativa Nuevas Comunidades Inclusivas y Sustentables (Saemaul UNDONG) con el prop\u00f3sito de recoger y\u2026<\/p>\n<p> <a class=\"continue-reading-link\" href=\"https:\/\/cvis3.cebem.org\/?p=1431\"><span>Continuar leyendo<\/span><i class=\"crycon-right-dir\"><\/i><\/a> <\/p>\n","protected":false},"author":1,"featured_media":0,"parent":0,"menu_order":0,"comment_status":"closed","ping_status":"closed","template":"","meta":[],"jetpack_sharing_enabled":false,"jetpack-related-posts":[],"_links":{"self":[{"href":"https:\/\/cvis3.cebem.org\/index.php?rest_route=\/wp\/v2\/pages\/147"}],"collection":[{"href":"https:\/\/cvis3.cebem.org\/index.php?rest_route=\/wp\/v2\/pages"}],"about":[{"href":"https:\/\/cvis3.cebem.org\/index.php?rest_route=\/wp\/v2\/types\/page"}],"author":[{"embeddable":true,"href":"https:\/\/cvis3.cebem.org\/index.php?rest_route=\/wp\/v2\/users\/1"}],"replies":[{"embeddable":true,"href":"https:\/\/cvis3.cebem.org\/index.php?rest_route=%2Fwp%2Fv2%2Fcomments&post=147"}],"version-history":[{"count":53,"href":"https:\/\/cvis3.cebem.org\/index.php?rest_route=\/wp\/v2\/pages\/147\/revisions"}],"predecessor-version":[{"id":699,"href":"https:\/\/cvis3.cebem.org\/index.php?rest_route=\/wp\/v2\/pages\/147\/revisions\/699"}],"wp:attachment":[{"href":"https:\/\/cvis3.cebem.org\/index.php?rest_route=%2Fwp%2Fv2%2Fmedia&parent=147"}],"curies":[{"name":"wp","href":"https:\/\/api.w.org\/{rel}","templated":true}]}}

<p>El Centro Virtual de Excelencia se crea con el apoyo del Programa de las Naciones Unidas para el Desarrollo (PNUD) y la Agencia Coreana para la Cooperación Internacional (KOICA), en el marco de implementación de la Iniciativa Nuevas Comunidades Inclusivas y Sustentables (Saemaul UNDONG) con el propósito de recoger y procesar las experiencias locales que mejor alimenten la agenda política. El Centro será una construcción colectiva que articulará a instituciones ya existentes y con experiencia en el área de desarrollo local, erradicación de la pobreza y desarrollo sostenible. El Centro será un espacio de globalización de las mejores prácticas que muestran excelencia en su capacidad de mejorar la vida de las comunidades. Siguiendo la metodología Saemaul Undong -iniciativa de desarrollo local nacida en la Corea del Sur de los años 70 y hoy implementada en varios países de diversas regiones-, el Centro será una ventana al diálogo e intercambio de conocimiento entre comunidades a través de la cooperación sur-sur.</p>
<p>El paso inicial ha sido encomendado al CEBEM, mediante una alianza con el PNUD a través de su Oficina de País en Bolivia, y los equipos regionales de Cooperación Sur-Sur, y Gobernabilidad y Construcción de Paz.</p>
<p>Siendo un espacio abierto de intercambio de conocimiento, las opiniones, el análisis y las recomendaciones de políticas aquí publicadas por las comunidades y los expertos no representan necesariamente el pensamiento ni las opiniones del PNUD, su Junta Ejecutiva o sus Estados Miembros, ni de KOICA, quienes apoyan este espacio de cooperación horizontal y de diálogo sin filtros a las comunidades.</p>
<div style="width: 50%; float: left;"><span style="font-family: Impact; font-size: 120%;">Noticias<br />
</span><br />
<div id="thumbnail-container"><article class="thumbnail-layout lptw-columns-fixed" style="width: 390px; padding-bottom: 60px; ">
<header class="lptw-post-header">
<div class="lptw-thumbnail-image"><a class="lptw-thumbnail-link" href="https://cvis3.cebem.org/?p=1697" target="_self"><img src="https://i0.wp.com/cvis3.cebem.org/wp-content/uploads/2019/04/pnud-art-video.jpg?fit=100%2C56&ssl=1" width="100" height="56" alt="Localizando los Objetivos de Desarrollo Sostenible en La Paz y Sucre" /></a>
</div><div class="lptw-thumbnail-title"><span class="lptw-post-date">29.04.2019</span><a class="lptw-post-title" href="https://cvis3.cebem.org/?p=1697" target="_self">Localizando los Objetivos de Desarrollo Sostenible en La Paz y Sucre</a>
</div>
</header></article>
<article class="thumbnail-layout lptw-columns-fixed" style="width: 390px; padding-bottom: 60px; ">
<header class="lptw-post-header">
<div class="lptw-thumbnail-image"><a class="lptw-thumbnail-link" href="https://cvis3.cebem.org/?p=1689" target="_self"><img src="https://i0.wp.com/cvis3.cebem.org/wp-content/uploads/2019/04/forodel2019.jpg?fit=100%2C43&ssl=1" width="100" height="43" alt="¡No te pierdas el 3er Foro Regional de Desarrollo Económico Local para América Latina y el Caribe ! 7-9 mayo 2019, Barranquilla, Colombia" /></a>
</div><div class="lptw-thumbnail-title"><span class="lptw-post-date">08.04.2019</span><a class="lptw-post-title" href="https://cvis3.cebem.org/?p=1689" target="_self">¡No te pierdas el 3er Foro Regional de Desarrollo Económico Local para América Latina y el Caribe ! 7-9 mayo 2019, Barranquilla, Colombia</a>
</div>
</header></article>
<article class="thumbnail-layout lptw-columns-fixed" style="width: 390px; padding-bottom: 60px; ">
<header class="lptw-post-header">
<div class="lptw-thumbnail-image"><a class="lptw-thumbnail-link" href="https://cvis3.cebem.org/?p=1627" target="_self"><img src="https://i0.wp.com/cvis3.cebem.org/wp-content/uploads/2018/10/somos-iberoamerica-colores-cambio.jpg?fit=100%2C56&ssl=1" width="100" height="56" alt="Somos Iberoamérica, LOS COLORES DEL CAMBIO" /></a>
</div><div class="lptw-thumbnail-title"><span class="lptw-post-date">29.10.2018</span><a class="lptw-post-title" href="https://cvis3.cebem.org/?p=1627" target="_self">Somos Iberoamérica, LOS COLORES DEL CAMBIO</a>
</div>
</header></article>
<article class="thumbnail-layout lptw-columns-fixed" style="width: 390px; padding-bottom: 60px; ">
<header class="lptw-post-header">
<div class="lptw-thumbnail-image"><a class="lptw-thumbnail-link" href="https://cvis3.cebem.org/?p=1616" target="_self"><img src="https://i0.wp.com/cvis3.cebem.org/wp-content/uploads/2018/09/WhatsApp-Image-2018-09-24-at-16.24.01.jpeg?fit=100%2C61&ssl=1" width="100" height="61" alt="Curso presencial “Gestión para Resultados” culminó con éxito" /></a>
</div><div class="lptw-thumbnail-title"><span class="lptw-post-date">27.09.2018</span><a class="lptw-post-title" href="https://cvis3.cebem.org/?p=1616" target="_self">Curso presencial “Gestión para Resultados” culminó con éxito</a>
</div>
</header></article>
</div><a class="continue-reading-link" href="https://cvis3.cebem.org/?cat=5">Ver más</a></div>
<div style="width: 50%; float: right;"><span style="font-family: Impact; font-size: 120%;">Documentos<br />
</span><div id="thumbnail-container"><article class="thumbnail-layout lptw-columns-fixed" style="width: 390px; padding-bottom: 60px; ">
<header class="lptw-post-header">
<div class="lptw-thumbnail-image"><a class="lptw-thumbnail-link" href="https://cvis3.cebem.org/?p=1709" target="_self"><img src="https://i0.wp.com/cvis3.cebem.org/wp-content/uploads/2019/07/RELAC_page-0001-1024x415.jpg?fit=100%2C41&ssl=1" width="100" height="41" alt="Sondeo sobre prioridades nacionales y ODS: evaluación de 15 paises Latinoamérica y el Caribe" /></a>
</div><div class="lptw-thumbnail-title"><span class="lptw-post-date">01.07.2019</span><a class="lptw-post-title" href="https://cvis3.cebem.org/?p=1709" target="_self">Sondeo sobre prioridades nacionales y ODS: evaluación de 15 paises Latinoamérica y el Caribe</a>
</div>
</header></article>
<article class="thumbnail-layout lptw-columns-fixed" style="width: 390px; padding-bottom: 60px; ">
<header class="lptw-post-header">
<div class="lptw-thumbnail-image"><a class="lptw-thumbnail-link" href="https://cvis3.cebem.org/?p=1602" target="_self"><img src="https://i0.wp.com/cvis3.cebem.org/wp-content/uploads/2018/08/guia-ODS-y-Ciudades.jpg?fit=100%2C88&ssl=1" width="100" height="88" alt="ODS y Ciudades. Movilidad humana internacional. Guía práctica para gobiernos locales de América Latina y el Caribe" /></a>
</div><div class="lptw-thumbnail-title"><span class="lptw-post-date">24.08.2018</span><a class="lptw-post-title" href="https://cvis3.cebem.org/?p=1602" target="_self">ODS y Ciudades. Movilidad humana internacional. Guía práctica para gobiernos locales de América Latina y el Caribe</a>
</div>
</header></article>
<article class="thumbnail-layout lptw-columns-fixed" style="width: 390px; padding-bottom: 60px; ">
<header class="lptw-post-header">
<div class="lptw-thumbnail-image"><a class="lptw-thumbnail-link" href="https://cvis3.cebem.org/?p=1583" target="_self"><img src="https://i0.wp.com/cvis3.cebem.org/wp-content/uploads/2018/06/mail-15mayo.jpg?fit=100%2C62&ssl=1" width="100" height="62" alt="Boletín: Desde los territorios las mujeres se empoderan" /></a>
</div><div class="lptw-thumbnail-title"><span class="lptw-post-date">14.06.2018</span><a class="lptw-post-title" href="https://cvis3.cebem.org/?p=1583" target="_self">Boletín: Desde los territorios las mujeres se empoderan</a>
</div>
</header></article>
<article class="thumbnail-layout lptw-columns-fixed" style="width: 390px; padding-bottom: 60px; ">
<header class="lptw-post-header">
<div class="lptw-thumbnail-image"><a class="lptw-thumbnail-link" href="https://cvis3.cebem.org/?p=1431" target="_self"><img src="https://i0.wp.com/cvis3.cebem.org/wp-content/uploads/2018/04/Spotlight-Enfoques-DS-2017.jpg?fit=74%2C100&ssl=1" width="74" height="100" alt="Spotlight. Enfoques sobre Desarrollo Sostenible 2017" /></a>
</div><div class="lptw-thumbnail-title"><span class="lptw-post-date">05.04.2018</span><a class="lptw-post-title" href="https://cvis3.cebem.org/?p=1431" target="_self">Spotlight. Enfoques sobre Desarrollo Sostenible 2017</a>
</div>
</header></article>
</div><a class="continue-reading-link" href="https://cvis3.cebem.org/?cat=17">Ver más</a></div>

<p>El Centro Virtual de Excelencia se crea con el apoyo del Programa de las Naciones Unidas para el Desarrollo (PNUD) y la Agencia Coreana para la Cooperación Internacional (KOICA), en el marco de implementación de la Iniciativa Nuevas Comunidades Inclusivas y Sustentables (Saemaul UNDONG) con el propósito de recoger y…</p>
<p> <a class="continue-reading-link" href="https://cvis3.cebem.org/?p=1431"><span>Continuar leyendo</span><i class="crycon-right-dir"></i></a> </p>
