{"id":354,"date":"2016-09-06T19:23:22","date_gmt":"2016-09-06T23:23:22","guid":{"rendered":"http:\/\/cvis3.cebem.org\/?page_id=354"},"modified":"2018-04-16T17:08:54","modified_gmt":"2018-04-16T21:08:54","slug":"suscribete-a-nuestro-boletin","status":"publish","type":"page","link":"https:\/\/cvis3.cebem.org\/?page_id=354","title":{"rendered":"Suscr\u00edbete a nuestro Bolet\u00edn"},"content":{"rendered":"<p>Si est\u00e1s interesado en recibir por correo electr\u00f3nico nuestras novedades, eventos o noticias de especial inter\u00e9s, no dejes de suscribirte a nuestro bolet\u00edn. Puedes hacerlo simplemente rellenando el siguiente formulario que te pedimos.<\/p>\n<div style=\"width: 60%;\" align=\"center\"><div class=\"widget_wysija_cont shortcode_wysija\"><div id=\"msg-form-wysija-shortcode6a03fe68cb1a3-2\" class=\"wysija-msg ajax\"><\/div><form id=\"form-wysija-shortcode6a03fe68cb1a3-2\" method=\"post\" action=\"#wysija\" class=\"widget_wysija shortcode_wysija\">\n<p class=\"wysija-paragraph\">\n    <label>Nombre y Apellido <span class=\"wysija-required\">*<\/span><\/label>\n    \n    \t<input type=\"text\" name=\"wysija[user][firstname]\" class=\"wysija-input validate[required]\" title=\"Nombre y Apellido\"  value=\"\" \/>\n    \n    \n    \n    <span class=\"abs-req\">\n        <input type=\"text\" name=\"wysija[user][abs][firstname]\" class=\"wysija-input validated[abs][firstname]\" value=\"\" \/>\n    <\/span>\n    \n<\/p>\n<p class=\"wysija-paragraph\">\n    <label>Pa\u00eds <span class=\"wysija-required\">*<\/span><\/label>\n    \n    \t<input type=\"text\" name=\"wysija[field][cf_1]\" class=\"wysija-input validate[required,custom[onlyLetterSp]]\" title=\"Pa\u00eds\"  value=\"\" \/>\n    \n    \n    \n    <span class=\"abs-req\">\n        <input type=\"text\" name=\"wysija[field][abs][cf_1]\" class=\"wysija-input validated[abs][cf_1]\" value=\"\" \/>\n    <\/span>\n    \n<\/p>\n<p class=\"wysija-paragraph\">\n    <label>Correo Electr\u00f3nico <span class=\"wysija-required\">*<\/span><\/label>\n    \n    \t<input type=\"text\" name=\"wysija[user][email]\" class=\"wysija-input validate[required,custom[email]]\" title=\"Correo Electr\u00f3nico\"  value=\"\" \/>\n    \n    \n    \n    <span class=\"abs-req\">\n        <input type=\"text\" name=\"wysija[user][abs][email]\" class=\"wysija-input validated[abs][email]\" value=\"\" \/>\n    <\/span>\n    \n<\/p>\n\r\n<input class=\"wysija-submit wysija-submit-field\" type=\"submit\" value=\"\u00a1Suscr\u00edbete!\" \/>\n\n    <input type=\"hidden\" name=\"form_id\" value=\"2\" \/>\n    <input type=\"hidden\" name=\"action\" value=\"save\" \/>\n    <input type=\"hidden\" name=\"controller\" value=\"subscribers\" \/>\n    <input type=\"hidden\" value=\"1\" name=\"wysija-page\" \/>\n\n    \n        <input type=\"hidden\" name=\"wysija[user_list][list_ids]\" value=\"5\" \/>\n    \n <\/form><\/div><\/div>\n<h5><\/h5>\n<h5>Estos boletines pertenecen a la <strong>SEGUNDA FASE<\/strong> del proyecto.<\/h5>\n<ul>\n<li><strong>Bolet\u00edn N\u00b01 &#8211; 1 de febrero de 2017:<\/strong> Noticias del Centro \u2192 <a href=\"https:\/\/cvis3.cebem.org\/?wysija-page=1&amp;controller=email&amp;action=view&amp;email_id=10&amp;wysijap=subscriptions\" target=\"_blank\" rel=\"noopener\">Ver bolet\u00edn<br \/>\n<\/a><\/li>\n<li><strong>Bolet\u00edn N\u00b02 &#8211; 13 de junio de 2017:<\/strong> Noticias del Centro \u2192 <a href=\"https:\/\/cvis3.cebem.org\/?wysija-page=1&amp;controller=email&amp;action=view&amp;email_id=15&amp;wysijap=subscriptions\" target=\"_blank\" rel=\"noopener\">Ver bolet\u00edn<br \/>\n<\/a><\/li>\n<li><strong>Bolet\u00edn N\u00b03 &#8211; 10 de noviembre de 2017:<\/strong> Noticias del Centro \u2192 <a href=\"https:\/\/cvis3.cebem.org\/?wysija-page=1&amp;controller=email&amp;action=view&amp;email_id=16&amp;wysijap=subscriptions\" target=\"_blank\" rel=\"noopener\">Ver bolet\u00edn<br \/>\n<\/a><\/li>\n<li><strong>Bolet\u00edn N\u00b04 &#8211; 13 de noviembre de 2017:<\/strong> Primer Intercambio Virtual: \u201cComunidad y Futuros para el Desarrollo Territorial: Experiencias y Herramientas para la Toma de Decisiones\u201d \u2192 <a href=\"http:\/\/cebem.org\/boletin\/2017\/cebem\/boletin13.html\" target=\"_blank\" rel=\"noopener\">Ver bolet\u00edn<br \/>\n<\/a><\/li>\n<li><strong>Bolet\u00edn N\u00b05 &#8211; 20 de noviembre de 2017:<\/strong> Anunciando el Intercambio Virtual \u2192 <a href=\"http:\/\/cebem.org\/boletin\/2017\/cebem\/boletin13.html\" target=\"_blank\" rel=\"noopener\">Ver bolet\u00edn<br \/>\n<\/a><\/li>\n<li><strong>Bolet\u00edn N\u00b06 &#8211; 23 de noviembre de 2017: <\/strong>Anunciando el Intercambio Virtual, con los invitados especiales \u2192 <a href=\"http:\/\/cebem.org\/boletin\/2017\/cebem\/boletin14.html\" target=\"_blank\" rel=\"noopener\">Ver bolet\u00edn<br \/>\n<\/a><\/li>\n<li><strong>Bolet\u00edn N\u00b01 &#8211; 31 de marzo de 2018:<\/strong> Se conforma red de Turismo comunitario y pr\u00f3ximamente nuevos programas de capacitaci\u00f3n.\u00a0\u2192 <a href=\"https:\/\/cvis3.cebem.org\/?wysija-page=1&amp;controller=email&amp;action=view&amp;email_id=17&amp;wysijap=subscriptions\" target=\"_blank\" rel=\"noopener\">Ver bolet\u00edn<\/a><\/li>\n<\/ul>\n<hr \/>\n<h5>Estos boletines pertenecen a la <strong>PRIMERA FASE<\/strong> del proyecto.<\/h5>\n<ul>\n<li><strong>Bolet\u00edn N\u00b04<\/strong><strong> 11\/2016:<\/strong> Lanzamiento del Centro Virtual de Excelencia y Presentaci\u00f3n de los resultados del Primer Foro Regional. \u2192 <a href=\"http:\/\/listascebem.org\/boletin\/bol_2016\/cebem\/aviso05.html\" target=\"_blank\" rel=\"noopener noreferrer\">Ver bolet\u00edn<br \/>\n<\/a><\/li>\n<li><strong>Bolet\u00edn N\u00b03<\/strong><strong>\u00a010\/2016:<\/strong> Invitaci\u00f3n a la nueva p\u00e1gina web del Centro Virtual de Excelencia. \u2192 <a href=\"http:\/\/listascebem.org\/boletin\/bol_2016\/cebem\/aviso04.html\" target=\"_blank\" rel=\"noopener noreferrer\">Ver bolet\u00edn<br \/>\n<\/a><\/li>\n<li><strong>Bolet\u00edn N\u00b02 10\/2016:<\/strong> Foro: Intercambio de saberes y cooperaci\u00f3n sur-sur en desarrollo territorial para Am\u00e9rica Latina y el Caribe. \u2192 <a href=\"http:\/\/listascebem.org\/boletin\/bol_2016\/cebem\/aviso03.html\" target=\"_blank\" rel=\"noopener noreferrer\">Ver bolet\u00edn<br \/>\n<\/a><\/li>\n<li><strong>Bolet\u00edn N\u00b01 08\/2016: <\/strong>Este es nuestro primer bolet\u00edn que se lanz\u00f3, haciendo una invitaci\u00f3n a conformar parte de este proyecto. \u2192 <a href=\"http:\/\/listascebem.org\/boletin\/bol_2016\/cebem\/aviso02.html\" target=\"_blank\" rel=\"noopener noreferrer\">Ver bolet\u00edn<\/a><\/li>\n<\/ul>\n<hr \/>\n<p style=\"font-size: 12px;\"><strong>Pol\u00edtica de Privacidad:<\/strong> La informaci\u00f3n que usted proporciona al momento de suscribirse es tratada como personal y privada por el CViS3, lo cual significa que no se hace disponible abiertamente al personal de la instituci\u00f3n ni es compartida con otras instituciones. Los datos personales solicitados nos permiten proporcionar contenidos mejor ajustados a los intereses de nuestros suscriptores, y no son compartidos con terceros.<\/p>\n","protected":false},"excerpt":{"rendered":"<p>Si est\u00e1s interesado en recibir por correo electr\u00f3nico nuestras novedades, eventos o noticias de especial inter\u00e9s, no dejes de suscribirte a nuestro bolet\u00edn. Puedes hacerlo simplemente rellenando el siguiente formulario que te pedimos. Estos boletines pertenecen a la SEGUNDA FASE del proyecto. Bolet\u00edn N\u00b01 &#8211; 1 de febrero de 2017:\u2026<\/p>\n<p> <a class=\"continue-reading-link\" href=\"https:\/\/cvis3.cebem.org\/?page_id=354\"><span>Continuar leyendo<\/span><i class=\"crycon-right-dir\"><\/i><\/a> <\/p>\n","protected":false},"author":1,"featured_media":0,"parent":0,"menu_order":9,"comment_status":"closed","ping_status":"closed","template":"","meta":[],"jetpack_sharing_enabled":false,"jetpack-related-posts":[],"_links":{"self":[{"href":"https:\/\/cvis3.cebem.org\/index.php?rest_route=\/wp\/v2\/pages\/354"}],"collection":[{"href":"https:\/\/cvis3.cebem.org\/index.php?rest_route=\/wp\/v2\/pages"}],"about":[{"href":"https:\/\/cvis3.cebem.org\/index.php?rest_route=\/wp\/v2\/types\/page"}],"author":[{"embeddable":true,"href":"https:\/\/cvis3.cebem.org\/index.php?rest_route=\/wp\/v2\/users\/1"}],"replies":[{"embeddable":true,"href":"https:\/\/cvis3.cebem.org\/index.php?rest_route=%2Fwp%2Fv2%2Fcomments&post=354"}],"version-history":[{"count":21,"href":"https:\/\/cvis3.cebem.org\/index.php?rest_route=\/wp\/v2\/pages\/354\/revisions"}],"predecessor-version":[{"id":1441,"href":"https:\/\/cvis3.cebem.org\/index.php?rest_route=\/wp\/v2\/pages\/354\/revisions\/1441"}],"wp:attachment":[{"href":"https:\/\/cvis3.cebem.org\/index.php?rest_route=%2Fwp%2Fv2%2Fmedia&parent=354"}],"curies":[{"name":"wp","href":"https:\/\/api.w.org\/{rel}","templated":true}]}}